{"id":301,"date":"2015-06-02T15:11:19","date_gmt":"2015-06-02T13:11:19","guid":{"rendered":"https:\/\/ipsos.tv\/cms\/?page_id=301"},"modified":"2020-05-13T14:35:54","modified_gmt":"2020-05-13T12:35:54","slug":"privacy","status":"publish","type":"page","link":"https:\/\/ipsos.tv\/cms\/privacy\/","title":{"rendered":"Privacy"},"content":{"rendered":"<h3>PRIVACY E COOKIES<\/h3>\n<h4>PRIVACY<\/h4>\n<p>Informativa ai sensi dell&#8217;art. 13 del D.Lgs. 196\/03, codice in materia di protezione dei dati personali.<\/p>\n<h4><strong>FINALIT\u00c0 DEL TRATTAMENTO<\/strong><\/h4>\n<p>Il trattamento dei dati ha le finalit\u00e0 direttamente connesse e strumentali all\u2019erogazione del servizio richiesto, inoltre potranno essere utilizzati per l\u2019invio di materiale pubblicitario, attivit\u00e0 di marketing e di informazioni commerciali relative a prodotti e servizi che Hotel Elvezia espone ed eroga sul portale; rilevazione del grado di soddisfazione dell&#8217;utente sulla qualit\u00e0 dei prodotti e\/o servizi resi e sull&#8217;attivit\u00e0 svolta dalla nostra Azienda, statistiche interne, feed back di gradimento, acquisizioni preliminari di informazioni dirette alla conclusione di un contratto o alla fornitura di un servizio, ecc.);<\/p>\n<h4><strong>MODALIT\u00c0 DEL TRATTAMENTO<\/strong><\/h4>\n<p>I dati verranno trattati principalmente con strumenti elettronici e informatici e memorizzati sia su supporti informatici che su supporti cartacei che su ogni altro tipo di supporto idoneo, nel rispetto delle misure minime di sicurezza ai sensi del Disciplinare Tecnico in materia di misure minime di sicurezza, Allegato B del Codice in materia di trattamento dei dati personali.<\/p>\n<h4><strong>NATURA FACOLTATIVA DELL&#8217;ACQUISIZIONE DEI DATI<\/strong><\/h4>\n<p>L&#8217;acquisizione dei dati personali ha natura facoltativa. Tuttavia il mancato conferimento, anche parziale, dei dati personali richiesti per la compilazione del Modulo di Registrazione per l\u2019Accesso al Servizio pu\u00f2 determinare l&#8217;impossibilit\u00e0 di procedere alla completa erogazione del Servizio stesso.<\/p>\n<h4><strong>SOGGETTI A CUI POTRANNO ESSERE COMUNICATI<\/strong><\/h4>\n<p>I dati personali potranno essere comunicati al personale dell&#8217;Azienda, che svolga le funzioni di responsabile e incaricato del trattamento; il personale \u00e8 stato debitamente istruito in materia di sicurezza e protezione dei dati personali; Resta in ogni caso fermo il divieto di comunicare o diffondere i dati personali a soggetti non necessari per l&#8217;espletamento dei servizi.<\/p>\n<h4><strong>DIRITTI DELL&#8217;INTERESSATO<\/strong><\/h4>\n<p>In relazione al trattamento di dati personali, ai sensi dell\u2019art. 13 del D.Lg. n.196 del 30.6.2003, l\u2019 interessato ha il diritto di ottenere la conferma dell\u2019esistenza o meno di dati personali che lo riguardano, anche se non ancora registrati, e la loro comunicazione in forma intelligibile.<\/p>\n<p><strong>HA DIRITTO DI OTTENERE L&#8217;INDICAZIONE:<\/strong><\/p>\n<p>&#8211; dell&#8217;origine dei dati personali.<br \/>\n&#8211; delle finalit\u00e0 e modalit\u00e0 del trattamento.<br \/>\n&#8211; della logica applicata in caso di trattamento effettuato con l\u2019ausilio di strumenti elettronici.<br \/>\n&#8211; degli estremi identificativi del titolare e dei responsabili del trattamento.<br \/>\n&#8211; dei soggetti o delle categorie di soggetti ai quali i dati possono essere comunicati o che possono venirne a conoscenza in qualit\u00e0 di rappresentante designato nel territorio dello Stato, di responsabili o incaricati.<\/p>\n<p><strong>HA DIRITTO DI OTTENERE:<\/strong><\/p>\n<p>l&#8217;aggiornamento o l\u2019integrazione dei dati, la cancellazione, la trasformazione in forma anonima o il blocco dei dati trattati in violazione di legge, compresi quelli di cui \u00e8 necessaria la conservazione in relazione agli scopi per i quali i dati sono stati raccolti o successivamente trattati.<\/p>\n<p><strong>HA IL DIRITTO DI OPPORSI, IN TUTTO O IN PARTE:<\/strong><\/p>\n<p>&#8211; per motivi legittimi al trattamento dei dati personali che la riguardano, ancorch\u00e9 pertinenti allo scopo della raccolta.<br \/>\n&#8211; al trattamento dei dati personali che la riguardano ai fini di invio di materiale pubblicitario o di vendita diretta o per il compimento di ricerche di mercato o di comunicazione commerciale.<\/p>\n<h5>Il titolare del trattamento dei dati \u00e8:<strong> Ipsos srl \u2013 roberto.fusari@ipsos.com<\/strong><\/h5>\n<h3><\/h3>\n<h3>COOKIES<\/h3>\n<p>Al fine di rendere i propri servizi il pi\u00f9 possibile efficienti e semplici da utilizzare questo Sito fa uso di cookies. Pertanto, quando si visita il Sito, viene inserita una quantit\u00e0 minima di informazioni nel dispositivo dell\u2019Utente, come piccoli file di testo chiamati \u201ccookie\u201d, che vengono salvati nella directory del browser Web dell\u2019Utente. Esistono diversi tipi di cookies, ma sostanzialmente lo scopo principale di un cookie \u00e8 quello di far funzionare pi\u00f9 efficacemente il Sito e di abilitarne determinate funzionalit\u00e0. I cookies sono utilizzati per migliorare la navigazione globale dell\u2019Utente. In particolare:<\/p>\n<ol>\n<li>Consentono di navigare in modo efficiente da una pagina all\u2019altra del sito Web.<\/li>\n<li>Memorizzano il nome utente e le preferenze inserite.<\/li>\n<li>Consentono di evitare di inserire le stesse informazioni (come nome utente e password) pi\u00f9 volte durante la visita.<\/li>\n<li>Misurano l\u2019utilizzo dei servizi da parte degli Utenti, per ottimizzare l\u2019esperienza di navigazione e i servizi stessi.<\/li>\n<li>Presentano informazioni pubblicitarie mirate in funzione degli interessi e del comportamento manifestato dall\u2019Utente durante la navigazione.<\/li>\n<\/ol>\n<p>Esistono vari tipi di cookies. Qui di seguito sono riportati i tipi cookies che possono essere utilizzati nel Sito con una descrizione della finalit\u00e0 legata all\u2019uso.<\/p>\n<h4><b>COOKIES TECNICI<\/b><\/h4>\n<p>I cookies di questo tipo sono necessari per il corretto funzionamento di alcune aree del sito. I cookies di questa categoria comprendono sia cookies persistenti che cookies di sessione. In assenza di tali cookies, il sito o alcune porzioni di esso potrebbero non funzionare correttamente. Pertanto, vengono sempre utilizzati, indipendentemente dalle preferenze dall\u2019utente. I cookies di questa categoria vengono sempre inviati dal nostro dominio.<\/p>\n<h4><b>COOKIES ANALITICI<\/b><\/h4>\n<p>I cookies di questo tipo vengono utilizzati per raccogliere informazioni sull\u2019utilizzo del sito. Il Titolare usa tali informazioni per analisi statistiche, per migliorare il sito e semplificarne l\u2019utilizzo, oltre che per monitorarne il corretto funzionamento. Questo tipo di cookie raccoglie informazioni in forma anonima sull\u2019attivit\u00e0 degli utenti nel sito e sul modo in cui sono arrivati al Sito e alle pagine visitate. I cookies di questa categoria vengono inviati dal Sito stesso o da domini di terze parti.<\/p>\n<h4><b>COOKIES DI RILEVAMENTO DI TERZE PARTI<\/b><\/h4>\n<p>I cookies di questo tipo vengono utilizzati per raccogliere informazioni sull\u2019utilizzo del sito Web da parte dei visitatori, le parole chiave usate per raggiungere il sito, i siti Web visitati e le origini del traffico da cui provengono i visitatori per le campagne di marketing. Il titolare pu\u00f2 utilizzare tali informazioni per compilare rapporti e migliorare il Sito. I cookies raccolgono informazioni in forma anonima. I cookies di questo tipo vengono inviati dal Sito stesso o da domini di terze parti.<\/p>\n<h4><b>COOKIES PER L\u2019INTEGRAZIONE DI FUNZIONALIT\u00c0 DI TERZE PARTI<\/b><\/h4>\n<p>Disabilitare in qualsiasi momento i cookies dal browser , ma questa operazione potrebbe impedire all\u2019Utente di utilizzare alcune parti del Sito.<\/p>\n<h4><b>SITI WEB DI TERZE PARTI<\/b><\/h4>\n<p>Il sito di contiene collegamenti ad altri siti Web che dispongono di una propria informativa sulla privacy. Queste informative sulla privacy possono essere diverse da quella adottata dal Titolare, che quindi non risponde per Siti di terze parti. Ai sensi dell\u2019art. 122 secondo comma del D.lgs. 196\/2003 il consenso all\u2019utilizzo di tali cookies \u00e8 espresso dall\u2019interessato mediante il settaggio individuale che ha scelto liberamente per il browser utilizzato per la navigazione nel sito, ferma restando la facolt\u00e0 dell\u2019utente di comunicare in ogni momento al Titolare del trattamento la propria volont\u00e0 in merito ad dati gestiti per il tramite dei cookies che il browser stesso abbia accettato.<\/p>\n<h4><b>COME POSSO EVITARE LA MEMORIZZAZIONE DI COOKIES SUL MIO COMPUTER?<\/b><\/h4>\n<p>\u00c8 necessario impostare le preferenze per i cookies su ogni browser (Internet Explorer, Google Chrome, Mozilla Firefox o Safari). Esistono diversi modi per gestire i cookies, ad esempio: abilitare o disabilitare completamente i cookies; eliminare cookies specifici che sono gi\u00e0 stati memorizzati all\u2019interno del browser; bloccare la memorizzazione di cookies sul vostro computer da parte di siti Web specifici; oppure bloccare i cookies di terze parti (quando, mentre navigate su un sito Web, i cookies sono memorizzati sul vostro computer da un altro sito Web).<\/p>\n<p>Per ulteriori informazioni sulla gestione dei cookies su ognuno dei principali browser, visitate i seguenti link: <a href=\"https:\/\/windows.microsoft.com\/it-it\/internet-explorer\/delete-manage-cookies#ie=ie-11\" target=\"_blank\" rel=\"noopener noreferrer\">Internet Explorer<\/a> &#8211; <a href=\"httpss:\/\/support.google.com\/chrome\/answer\/95647?hl=it\" target=\"_blank\" rel=\"noopener noreferrer\">Google Chrome<\/a><span class=\"Apple-converted-space\"> &#8211; <\/span><a href=\"httpss:\/\/support.mozilla.org\/it\/kb\/Gestione%20dei%20cookie\" target=\"_blank\" rel=\"noopener noreferrer\">Firefox<\/a> &#8211; <a href=\"httpss:\/\/support.apple.com\/kb\/PH19214?viewlocale=it_IT&amp;locale=it_IT\" target=\"_blank\" rel=\"noopener noreferrer\">Safari<\/a><\/p>\n<h4><b>CHE TIPO DI COOKIES VENGONO UTILIZZATI SU QUESTO SITO WEB?<\/b><\/h4>\n<ol>\n<li><b>Cookies tecnici \u2013<\/b> Cookies tecnici, che sono essenziali per il funzionamento del sito Web.<\/li>\n<li><b>Cookies analitici \u2013<\/b> Cookies analitici, che ci consentono di vedere come i visitatori navigano all\u2019interno del sito Web e di memorizzare il contenuto che i visitatori vedono e a cui sono interessati. In questo modo possiamo migliorare il servizio che vi offriamo, facendo in modo che i nostri utenti trovino le informazioni che stanno cercando.<\/li>\n<li><b>Cookies social \u2013<\/b> Cookies social, necessari per consentire ai social network (Facebook, Google e Twitter) di controllare l\u2019interazione con i social widget sul sito Web.<\/li>\n<\/ol>\n","protected":false},"excerpt":{"rendered":"<p>PRIVACY E COOKIES PRIVACY Informativa ai sensi dell&#8217;art. 13 del D.Lgs. 196\/03, codice in materia di protezione dei dati personali. FINALIT\u00c0 DEL TRATTAMENTO Il trattamento dei dati ha le finalit\u00e0 direttamente connesse e strumentali all\u2019erogazione del servizio richiesto, inoltre potranno essere utilizzati per l\u2019invio di materiale pubblicitario, attivit\u00e0 di marketing e di informazioni commerciali relative [&hellip;]<\/p>\n","protected":false},"author":7,"featured_media":0,"parent":0,"menu_order":0,"comment_status":"closed","ping_status":"open","template":"","meta":{"_et_pb_use_builder":"","_et_pb_old_content":"","_et_gb_content_width":"","footnotes":""},"class_list":["post-301","page","type-page","status-publish","hentry"],"yoast_head":"<!-- This site is optimized with the Yoast SEO plugin v27.3 - https:\/\/yoast.com\/product\/yoast-seo-wordpress\/ -->\n<title>Privacy - Ipsos.tv<\/title>\n<meta name=\"robots\" content=\"index, follow, max-snippet:-1, max-image-preview:large, max-video-preview:-1\" \/>\n<link rel=\"canonical\" href=\"https:\/\/ipsos.tv\/cms\/privacy\/\" \/>\n<meta name=\"twitter:label1\" content=\"Tempo di lettura stimato\" \/>\n\t<meta name=\"twitter:data1\" content=\"7 minuti\" \/>\n<script type=\"application\/ld+json\" class=\"yoast-schema-graph\">{\"@context\":\"https:\\\/\\\/schema.org\",\"@graph\":[{\"@type\":\"WebPage\",\"@id\":\"https:\\\/\\\/ipsos.tv\\\/cms\\\/privacy\\\/\",\"url\":\"https:\\\/\\\/ipsos.tv\\\/cms\\\/privacy\\\/\",\"name\":\"Privacy - Ipsos.tv\",\"isPartOf\":{\"@id\":\"https:\\\/\\\/ipsos.tv\\\/cms\\\/#website\"},\"datePublished\":\"2015-06-02T13:11:19+00:00\",\"dateModified\":\"2020-05-13T12:35:54+00:00\",\"breadcrumb\":{\"@id\":\"https:\\\/\\\/ipsos.tv\\\/cms\\\/privacy\\\/#breadcrumb\"},\"inLanguage\":\"it-IT\",\"potentialAction\":[{\"@type\":\"ReadAction\",\"target\":[\"https:\\\/\\\/ipsos.tv\\\/cms\\\/privacy\\\/\"]}]},{\"@type\":\"BreadcrumbList\",\"@id\":\"https:\\\/\\\/ipsos.tv\\\/cms\\\/privacy\\\/#breadcrumb\",\"itemListElement\":[{\"@type\":\"ListItem\",\"position\":1,\"name\":\"Home\",\"item\":\"https:\\\/\\\/ipsos.tv\\\/cms\\\/\"},{\"@type\":\"ListItem\",\"position\":2,\"name\":\"Privacy\"}]},{\"@type\":\"WebSite\",\"@id\":\"https:\\\/\\\/ipsos.tv\\\/cms\\\/#website\",\"url\":\"https:\\\/\\\/ipsos.tv\\\/cms\\\/\",\"name\":\"Ipsos.tv\",\"description\":\"Ipsos.tv\",\"publisher\":{\"@id\":\"https:\\\/\\\/ipsos.tv\\\/cms\\\/#organization\"},\"potentialAction\":[{\"@type\":\"SearchAction\",\"target\":{\"@type\":\"EntryPoint\",\"urlTemplate\":\"https:\\\/\\\/ipsos.tv\\\/cms\\\/?s={search_term_string}\"},\"query-input\":{\"@type\":\"PropertyValueSpecification\",\"valueRequired\":true,\"valueName\":\"search_term_string\"}}],\"inLanguage\":\"it-IT\"},{\"@type\":\"Organization\",\"@id\":\"https:\\\/\\\/ipsos.tv\\\/cms\\\/#organization\",\"name\":\"Ipsos.tv\",\"url\":\"https:\\\/\\\/ipsos.tv\\\/cms\\\/\",\"logo\":{\"@type\":\"ImageObject\",\"inLanguage\":\"it-IT\",\"@id\":\"https:\\\/\\\/ipsos.tv\\\/cms\\\/#\\\/schema\\\/logo\\\/image\\\/\",\"url\":\"https:\\\/\\\/ipsos.tv\\\/cms\\\/wp-content\\\/uploads\\\/2012\\\/10\\\/logo160x151.jpg\",\"contentUrl\":\"https:\\\/\\\/ipsos.tv\\\/cms\\\/wp-content\\\/uploads\\\/2012\\\/10\\\/logo160x151.jpg\",\"width\":\"160\",\"height\":\"151\",\"caption\":\"Ipsos.tv\"},\"image\":{\"@id\":\"https:\\\/\\\/ipsos.tv\\\/cms\\\/#\\\/schema\\\/logo\\\/image\\\/\"}}]}<\/script>\n<!-- \/ Yoast SEO plugin. -->","yoast_head_json":{"title":"Privacy - Ipsos.tv","robots":{"index":"index","follow":"follow","max-snippet":"max-snippet:-1","max-image-preview":"max-image-preview:large","max-video-preview":"max-video-preview:-1"},"canonical":"https:\/\/ipsos.tv\/cms\/privacy\/","twitter_misc":{"Tempo di lettura stimato":"7 minuti"},"schema":{"@context":"https:\/\/schema.org","@graph":[{"@type":"WebPage","@id":"https:\/\/ipsos.tv\/cms\/privacy\/","url":"https:\/\/ipsos.tv\/cms\/privacy\/","name":"Privacy - Ipsos.tv","isPartOf":{"@id":"https:\/\/ipsos.tv\/cms\/#website"},"datePublished":"2015-06-02T13:11:19+00:00","dateModified":"2020-05-13T12:35:54+00:00","breadcrumb":{"@id":"https:\/\/ipsos.tv\/cms\/privacy\/#breadcrumb"},"inLanguage":"it-IT","potentialAction":[{"@type":"ReadAction","target":["https:\/\/ipsos.tv\/cms\/privacy\/"]}]},{"@type":"BreadcrumbList","@id":"https:\/\/ipsos.tv\/cms\/privacy\/#breadcrumb","itemListElement":[{"@type":"ListItem","position":1,"name":"Home","item":"https:\/\/ipsos.tv\/cms\/"},{"@type":"ListItem","position":2,"name":"Privacy"}]},{"@type":"WebSite","@id":"https:\/\/ipsos.tv\/cms\/#website","url":"https:\/\/ipsos.tv\/cms\/","name":"Ipsos.tv","description":"Ipsos.tv","publisher":{"@id":"https:\/\/ipsos.tv\/cms\/#organization"},"potentialAction":[{"@type":"SearchAction","target":{"@type":"EntryPoint","urlTemplate":"https:\/\/ipsos.tv\/cms\/?s={search_term_string}"},"query-input":{"@type":"PropertyValueSpecification","valueRequired":true,"valueName":"search_term_string"}}],"inLanguage":"it-IT"},{"@type":"Organization","@id":"https:\/\/ipsos.tv\/cms\/#organization","name":"Ipsos.tv","url":"https:\/\/ipsos.tv\/cms\/","logo":{"@type":"ImageObject","inLanguage":"it-IT","@id":"https:\/\/ipsos.tv\/cms\/#\/schema\/logo\/image\/","url":"https:\/\/ipsos.tv\/cms\/wp-content\/uploads\/2012\/10\/logo160x151.jpg","contentUrl":"https:\/\/ipsos.tv\/cms\/wp-content\/uploads\/2012\/10\/logo160x151.jpg","width":"160","height":"151","caption":"Ipsos.tv"},"image":{"@id":"https:\/\/ipsos.tv\/cms\/#\/schema\/logo\/image\/"}}]}},"_links":{"self":[{"href":"https:\/\/ipsos.tv\/cms\/wp-json\/wp\/v2\/pages\/301","targetHints":{"allow":["GET"]}}],"collection":[{"href":"https:\/\/ipsos.tv\/cms\/wp-json\/wp\/v2\/pages"}],"about":[{"href":"https:\/\/ipsos.tv\/cms\/wp-json\/wp\/v2\/types\/page"}],"author":[{"embeddable":true,"href":"https:\/\/ipsos.tv\/cms\/wp-json\/wp\/v2\/users\/7"}],"replies":[{"embeddable":true,"href":"https:\/\/ipsos.tv\/cms\/wp-json\/wp\/v2\/comments?post=301"}],"version-history":[{"count":0,"href":"https:\/\/ipsos.tv\/cms\/wp-json\/wp\/v2\/pages\/301\/revisions"}],"wp:attachment":[{"href":"https:\/\/ipsos.tv\/cms\/wp-json\/wp\/v2\/media?parent=301"}],"curies":[{"name":"wp","href":"https:\/\/api.w.org\/{rel}","templated":true}]}}